{"id":6438,"date":"2022-10-07T15:45:08","date_gmt":"2022-10-07T14:45:08","guid":{"rendered":"https:\/\/infinity.pt\/loja-online\/produto\/ametista-chip\/"},"modified":"2024-10-04T17:38:55","modified_gmt":"2024-10-04T16:38:55","slug":"ametista-chip","status":"publish","type":"product","link":"https:\/\/infinity.pt\/loja-online\/loja\/criancas\/pulseiras-criancas\/ametista-chip\/","title":{"rendered":"Ametista Chip"},"content":{"rendered":"<p>De um violeta vibrante que pode variar de intensidade, a Ametista transmuta as energias negativas atrav\u00e9s do seu raio.<\/p>\n<p>No corpo f\u00edsico \u00e9 ben\u00e9fico em casos de depend\u00eancias, atuando em simult\u00e2neo na ansiedade provocada pela abstin\u00eancia. <br \/>Tem tamb\u00e9m propriedades antial\u00e9rgicas, acalmando as manifesta\u00e7\u00f5es cut\u00e2neas, sendo ben\u00e9fica tamb\u00e9m em situa\u00e7\u00f5es de acne, eczema e psor\u00edase, pois a sua utiliza\u00e7\u00e3o vai atuar na desintoxica\u00e7\u00e3o do corpo e como consequ\u00eancia melhorar a sa\u00fade da pele. <br \/>Tem a\u00e7\u00e3o antienvelhecimento, regenerando a pele e atuando na diminui\u00e7\u00e3o de rugas.<\/p>\n<p>A sua utiliza\u00e7\u00e3o promove a sustentabilidade emocional nos processos de transforma\u00e7\u00f5es pessoais. <br \/>Ajuda em momentos de luto, trabalhando as emo\u00e7\u00f5es que te acompanham nesta fase.<br \/>Beneficia tamb\u00e9m no equil\u00edbrio de rea\u00e7\u00f5es como irritabilidade, agressividade e raiva,\u00a0 atuando no controle e equil\u00edbrio destas emo\u00e7\u00f5es &#8211; evitando desta forma o descontrole f\u00edsico e emocional.<\/p>\n<p>A Ametista sustenta uma forte conex\u00e3o espiritual sendo favorecedora no desenvolvimento da intui\u00e7\u00e3o e clarivid\u00eancia em estados meditativos.<\/p>\n","protected":false},"excerpt":{"rendered":"<p>De um violeta vibrante que pode variar de intensidade, a Ametista transmuta as energias negativas atrav\u00e9s do seu raio. No corpo f\u00edsico \u00e9 ben\u00e9fico em casos de depend\u00eancias, atuando em simult\u00e2neo na ansiedade provocada pela abstin\u00eancia. Tem tamb\u00e9m propriedades antial\u00e9rgicas, acalmando as manifesta\u00e7\u00f5es cut\u00e2neas, sendo ben\u00e9fica tamb\u00e9m em situa\u00e7\u00f5es de acne, eczema e psor\u00edase, pois [&hellip;]<\/p>\n","protected":false},"featured_media":10963,"template":"","meta":{"_mo_disable_npp":"","iawp_total_views":0},"product_brand":[],"product_cat":[77,63],"product_tag":[245],"giftcard-category":[],"class_list":{"0":"post-6438","1":"product","2":"type-product","3":"status-publish","4":"has-post-thumbnail","6":"product_cat-pulseiras-criancas","7":"product_cat-criancas","8":"product_tag-ametista","10":"first","11":"instock","12":"taxable","13":"shipping-taxable","14":"purchasable","15":"product-type-simple"},"_links":{"self":[{"href":"https:\/\/infinity.pt\/loja-online\/wp-json\/wp\/v2\/product\/6438","targetHints":{"allow":["GET"]}}],"collection":[{"href":"https:\/\/infinity.pt\/loja-online\/wp-json\/wp\/v2\/product"}],"about":[{"href":"https:\/\/infinity.pt\/loja-online\/wp-json\/wp\/v2\/types\/product"}],"version-history":[{"count":0,"href":"https:\/\/infinity.pt\/loja-online\/wp-json\/wp\/v2\/product\/6438\/revisions"}],"wp:featuredmedia":[{"embeddable":true,"href":"https:\/\/infinity.pt\/loja-online\/wp-json\/wp\/v2\/media\/10963"}],"wp:attachment":[{"href":"https:\/\/infinity.pt\/loja-online\/wp-json\/wp\/v2\/media?parent=6438"}],"wp:term":[{"taxonomy":"product_brand","embeddable":true,"href":"https:\/\/infinity.pt\/loja-online\/wp-json\/wp\/v2\/product_brand?post=6438"},{"taxonomy":"product_cat","embeddable":true,"href":"https:\/\/infinity.pt\/loja-online\/wp-json\/wp\/v2\/product_cat?post=6438"},{"taxonomy":"product_tag","embeddable":true,"href":"https:\/\/infinity.pt\/loja-online\/wp-json\/wp\/v2\/product_tag?post=6438"},{"taxonomy":"giftcard-category","embeddable":true,"href":"https:\/\/infinity.pt\/loja-online\/wp-json\/wp\/v2\/giftcard-category?post=6438"}],"curies":[{"name":"wp","href":"https:\/\/api.w.org\/{rel}","templated":true}]}}